nder when 1310321 is divided by 67.
2
What is the remainder when 29099605 is divided by 3589?
3582
Calculate the remainder when 10442453 is divided by 1122.
1121
Calculate the remainder when 448815567 is divided by 1688.
1687
Calculate the remainder when 7700359 is divided by 175.
9
Calculate the remainder when 2000989 is divided by 5903.
5775
What is the remainder when 2653765 is divided by 1029?
1003
What is the remainder when 2037592 is divided by 2713?
129
Calculate the remainder when 8163 is divided by 7977.
186
Calculate the remainder when 1936889 is divided by 50.
39
What is the remainder when 463882 is divided by 2328?
610
What is the remainder when 13453669 is divided by 21?
19
Calculate the remainder when 413441 is divided by 313.
281
Calculate the remainder when 349615 is divided by 24.
7
Calculate the remainder when 141257711 is divided by 128650.
11
What is the remainder when 13305567 is divided by 109963?
44
What is the remainder when 163344 is divided by 924?
720
Calculate the remainder when 41838109 is divided by 10459520.
29
What is the remainder when 18197614 is divided by 48?
46
Calculate the remainder when 1003508 is divided by 225.
8
Calculate the remainder when 16034675 is divided by 3390.
3365
What is the remainder when 512769 is divided by 752?
657
Calculate the remainder when 758 is divided by 529.
229
Calculate the remainder when 421141 is divided by 421008.
133
Calculate the remainder when 139206 is divided by 659.
157
What is the remainder when 40132809 is divided by 29?
28
Calculate the remainder when 1695114 is divided by 121075.
64
Calculate the remainder when 673793 is divided by 85.
83
What is the remainder when 3731415 is divided by 932713?
563
What is the remainder when 22310885 is divided by 8722?
9
Calculate the remainder when 908721 is divided by 778.
17
Calculate the remainder when 27934 is divided by 967.
858
What is the remainder when 2959330 is divided by 2084?
50
Calculate the remainder when 23566322 is divided by 21.
17
Calculate the remainder when 38124893 is divided by 60.
53
What is the remainder when 2267092 is divided by 479?
464
Calculate the remainder when 270276 is divided by 13507.
136
Calculate the remainder when 931639 is divided by 242.
181
What is the remainder when 15744944 is divided by 5248296?
56
What is the remainder when 2299299 is divided by 3154?
33
What is the remainder when 258796 is divided by 142?
72
What is the remainder when 108443507 is divided by 108443495?
12
Calculate the remainder when 23687929 is divided by 5.
4
What is the remainder when 116340717 is divided by 2456?
2453
What is the remainder when 544424 is divided by 27207?
284
What is the remainder when 36525116 is divided by 4565639?
4
What is the remainder when 1497859 is divided by 499254?
97
Calculate the remainder when 155647 is divided by 638.
613
Calculate the remainder when 5284114 is divided by 12.
10
What is the remainder when 1068771 is divided by 2873?
15
What is the remainder when 208500 is divided by 1921?
1032
Calculate the remainder when 1797929 is divided by 781.
67
What is the remainder when 4068246 is divided by 544?
214
What is the remainder when 224254 is divided by 6794?
52
Calculate the remainder when 44619479 is divided by 948.
911
Calculate the remainder when 109541584 is divided by 657.
631
Calculate the remainder when 64504510 is divided by 4328.
4326
Calculate the remainder when 16849274 is divided by 5616424.
2
What is the remainder when 324346016 is divided by 19?
18
What is the remainder when 1159026 is divided by 633?
3
Calculate the remainder when 47331724 is divided by 23665859.
6
Calculate the remainder when 713703 is divided by 21622.
177
What is the remainder when 123879 is divided by 159?
18
What is the remainder when 55740 is divided by 2980?
2100
What is the remainder when 1456628 is divided by 143?
30
What is the remainder when 187786791 is divided by 131?
125
Calculate the remainder when 57394 is divided by 2050.
2044
What is the remainder when 1254882 is divided by 179261?
55
Calculate the remainder when 1583551 is divided by 8.
7
Calculate the remainder when 8070757 is divided by 2017662.
109
Calculate the remainder when 1798724 is divided by 245.
179
What is the remainder when 133072 is divided by 445?
17
Calculate the remainder when 201166 is divided by 1070.
6
What is the remainder when 26680270 is divided by 161?
155
Calculate the remainder when 1239691 is divided by 241.
228
Calculate the remainder when 7282844 is divided by 103.
23
Calculate the remainder when 84510 is divided by 13006.
6474
What is the remainder when 7961441 is divided by 530762?
11
Calculate the remainder when 11243319 is divided by 253.
252
What is the remainder when 168778 is divided by 563?
441
What is the remainder when 571203 is divided by 74?
71
What is the remainder when 18838 is divided by 1483?
1042
What is the remainder when 131000 is divided by 63823?
3354
Calculate the remainder when 11079945 is divided by 319.
118
Calculate the remainder when 5431810 is divided by 2715839.
132
Calculate the remainder when 93585 is divided by 908.
61
What is the remainder when 5551376 is divided by 20713?
292
What is the remainder when 25173985 is divided by 7?
4
What is the remainder when 88575337 is divided by 17715067?
2
What is the remainder when 29550349 is divided by 1970023?
4
Calculate the remainder when 18546171 is divided by 2.
1
Calculate the remainder when 449374 is divided by 12839.
9
What is the remainder when 530992 is divided by 3219?
3076
Calculate the remainder when 94177 is divided by 30430.
2887
What is the remainder when 6159171 is divided by 175976?
11
What is the remainder when 6539176 is divided by 1634792?
8
What is the remainder when 4150317 is divided by 4150273?
44
What is the remainder when 6481777 is divided by 234?
211
What is the remainder when 315342 is divided by 34962?
684
What is the remainder when 120722828 is divided by 13061?
5
What is the remainder when 1277399 is divided by 182476?
67
What is the remainder when 102947 is divided by 609?
26
Calculate the remainder when 486416 is divided by 660.
656
What is the remainder when 128445049 is divided by 50?
49
What is the remainder when 42946 is divided by 5749?
2703
What is the remainder when 4149429 is divided by 1037211?
585
Calculate the remainder when 59097 is divided by 720.
57
What is the remainder when 33310549 is divided by 1007?
1003
What is the remainder when 1211994 is divided by 480?
474
What is the remainder when 367618 is divided by 590?
48
What is the remainder when 1045419 is divided by 8933?
258
What is the remainder when 58809 is divided by 29221?
367
What is the remainder when 2547336 is divided by 88?
0
What is the remainder when 5241268 is divided by 1714?
1570
What is the remainder when 348754 is divided by 43590?
34
What is the remainder when 88231 is divided by 3392?
39
Calculate the remainder when 145760 is divided by 1065.
920
Calculate the remainder when 26056 is divided by 4020.
1936
What is the remainder when 2544993 is divided by 424055?
663
Calculate the remainder when 256953 is divided by 1274.
879
Calculate the remainder when 11209200 is divided by 260677.
89
What is the remainder when 205179 is divided by 1475?
154
Calculate the remainder when 3103079 is divided by 456.
455
Calculate the remainder when 190403 is divided by 2291.
250
Calculate the remainder when 287955347 is divided by 3688.
3683
What is the remainder when 37945 is divided by 37610?
335
Calculate the remainder when 5672013 is divided by 1864.
1725
What is the remainder when 177080 is divided by 58706?
962
What is the remainder when 2884706898 is divided by 557?
556
What is the remainder when 1459348 is divided by 186?
178
Calculate the remainder when 8863813 is divided by 30.
13
What is the remainder when 1892917 is divided by 40?
37
Calculate the remainder when 3398130 is divided by 1260.
1170
Calculate the remainder when 114380 is divided by 37968.
476
What is the remainder when 93152029 is divided by 74?
15
What is the remainder when 3664190 is divided by 1340?
630
Calculate the remainder when 23173 is divided by 3341.
3127
Calculate the remainder when 1933807 is divided by 537.
70
Calculate the remainder whe